 l = j + 19. Is 5 a factor of l?
True
Let h(r) = r**3 - 4*r**2 + 12. Let p = -68 + 74. Is h(p) a multiple of 14?
True
Suppose 0 = 15*z - 12*z - 264. Let j = z + -63. Suppose -1 = -2*w + j. Is 13 a factor of w?
True
Let l(w) = -4*w + 21. Let n(f) = -3*f + 20. Let d(c) = 5*l(c) - 6*n(c). Let p be d(7). Let k = 46 + p. Is k a multiple of 6?
False
Let h = -791 - -1477. Is 98 a factor of h?
True
Let q(t) = t**3 + 9*t**2 - 12*t - 12. Let i(p) = 2*p**3 + 17*p**2 - 24*p - 23. Let g(o) = 6*i(o) - 11*q(o). Is g(-5) a multiple of 4?
True
Let w = 657 - 654. Suppose -5*j - 2*l = -0*l - 721, 3*l - 719 = -5*j. Does 16 divide j/w - (-11)/(-33)?
True
Suppose -2*m + 3*v + 96 + 85 = 0, 0 = 2*v - 2. Suppose -3*d = -5*x - m, 29 = -3*d - 4*x + 166. Does 13 divide d?
True
Let p(n) = -18*n - 4. Let s be p(-3). Suppose 5*m - 3*g - 70 = -g, 5*m + g - 85 = 0. Let d = s - m. Is 11 a factor of d?
False
Let a = 239 - 143. Is a a multiple of 24?
True
Let h = 634 + -242. Is h a multiple of 28?
True
Let i(g) = g**3 + 8*g**2 - 13*g + 3. Let c = -35 + 26. Is i(c) a multiple of 39?
True
Let b = 3098 + -1242. Is 64 a factor of b?
True
Suppose 4*s + u = 10, -5*s + 7*u = 3*u - 2. Let z(m) = -7 + 2*m**2 + 4*m - m**2 + 8 + m**s. Is 7 a factor of z(-3)?
True
Let k = -282 - -404. Suppose -3*x + 184 = -k. Is x a multiple of 5?
False
Let m(y) = -9*y**3 - 2 + 0*y**2 + 0*y**2 + 2*y + 3*y**3 + y**2. Let w be m(-3). Suppose -5*o - 63 + w = 0. Is o a multiple of 10?
True
Suppose 0 = 3*z - 15, -3*z + 24 = 2*u + 5. Suppose -3*q + h = -0*q - 554, u*q = h + 371. Is q a multiple of 12?
False
Let s = -144 - -143. Is 6 a factor of 127 - (-9 - (s + -3))?
True
Let s(c) = -c**3 + 10*c**2 + 49*c - 17. Is s(11) a multiple of 4?
False
Let n(l) = -16*l - 64. Is 11 a factor of n(-49)?
False
Does 61 divide (-16 + (-400)/(-24))/(2/1779)?
False
Let k be (-1)/3*-1*-3. Suppose -m - 4*l + 3 = 0, -2*l + 8 = 2*l. Is 9 a factor of 3*(0 + m/k)?
False
Let a be 66/(3/(-1))*2. Suppose -2*p + 135 = -9. Let r = a + p. Is 9 a factor of r?
False
Let s = -31 - -32. Suppose 0 = 4*h + 7*y - 2*y - 79, -y = s. Is 3 a factor of h?
True
Is 3 a factor of 490/1225 + 8306/10?
True
Let a = 69 + -49. Suppose 5*t + 2*g = -5, -3*g + 6 = t + a. Is 5/t*3 - -2 a multiple of 4?
False
Is (-30)/105 - (3 + 17205/(-21)) a multiple of 48?
True
Let i = 90 + -80. Does 2 divide i?
True
Let i(s) = 2*s**2 - 61*s - 282. Is 13 a factor of i(46)?
True
Let p = -12 + 17. Suppose p*i - 39 = 2*i. Let b(h) = 2*h - 6. Is 6 a factor of b(i)?
False
Suppose y - 4*y + 3*f - 12 = 0, 3*y = -5*f + 20. Suppose 4*a - 312 = -y*a. Let m = 134 - a. Is m a multiple of 22?
False
Suppose 5*r - 56 = r. Let n = r - 17. Is 23 a factor of 6/n + 37/1?
False
Suppose 0 = 4*l + 4*s + 16, 3*s = 4*l - s - 16. Suppose 3*a - 54 - 72 = l. Does 10 divide (180/a)/(1/7)?
True
Let k(a) = a**2 + 21*a + 1221. Is 11 a factor of k(0)?
True
Suppose -2*k + 3*o + o = 22, 3*k = -4*o - 13. Let i(l) = -l**3 - 7*l**2 - 7*l - 16. Let r be i(k). Suppose 13 = -2*d + r. Does 10 divide d?
True
Let d(j) = -30*j - 50. Is 43 a factor of d(-16)?
True
Suppose -j - 101 = -270. Does 67 divide j?
False
Let v be 1 + (-1 - -1) - (-4368)/24. Suppose c - 3*w = -0*w + v, -1000 = -5*c - 2*w. Does 33 divide c?
True
Suppose 2*l - 52 = -2*b, 5*b = 5*l - 75 - 5. Let c be 6/l - 150/(-14). Suppose 8*y = c*y - 24. Is 4 a factor of y?
True
Let m(r) = -9*r + 7. Let d(g) = 5*g - 4. Let b(x) = -7*d(x) - 4*m(x). Let i be b(0). Suppose -3*k + 45 + 39 = i. Is 12 a factor of k?
False
Let d(c) = 12*c**3 - 2*c + 2. Let z be d(1). Let f = 15 + z. Is 9 a factor of f?
True
Let b = -136 - -460. Is b a multiple of 36?
True
Let v = 719 + -454. Suppose -3*h + v = 55. Is 7 a factor of h?
True
Let t = 47 + -56. Let h = -4 - t. Is 2 a factor of h?
False
Suppose 1886 = 5*w - 739. Is w a multiple of 21?
True
Let h be (1 - 1)/2 + -4. Let s be 1*(4/h + 2). Let q(y) = 41*y**2 + 1. Is q(s) a multiple of 11?
False
Suppose -15 = -2*d - 5. Suppose -k + d*x = 11 - 2, -k + 4*x - 4 = 0. Is 10 a factor of k?
False
Suppose -q + 5*q = -2*r - 30, 5*r = -q - 102. Let k(b) = b + 51. Is 4 a factor of k(r)?
False
Let f = -95 + 30. Is 282/10 + 13/f a multiple of 7?
True
Let u be 10/5*6*2/8. Suppose -u*k - 73 = -2*v, -5*k + 91 = 9*v - 5*v. Is 4 a factor of v?
False
Let v(x) = -x + 14. Let q be v(14). Suppose q = -4*r + 2*l + 942, 0*r = -r + 4*l + 246. Suppose 12 = 3*w - r. Is 22 a factor of w?
False
Let v be (-11 - -2)/(-3) + 0. Does 6 divide (1 - (v - -1)) + 57?
True
Suppose n - 38 = -3*k, 2*k + 2*k - 2*n - 44 = 0. Suppose 0*b + 3 = l - b, -4*b - k = 0. Let d = l - -7. Is 5 a factor of d?
False
Let v = -48 - -20. Let o = 42 + v. Is 3 a factor of o?
False
Is 30 a factor of (-234)/(-390) - (-2)/5 - -1923?
False
Let n be (-8)/14 + (-17 - (-2214)/126). Suppose -2*a - 25 = -7*a. Suppose n = -a*i + 359 - 89. Does 29 divide i?
False
Let s be -1*(-3)/(0 - -3). Let d = s - 19. Let b = 52 + d. Does 16 divide b?
False
Let x = 45 + 97. Suppose -2*i + 2*b + x = 0, 8*i - 2*b - 212 = 5*i. Is i a multiple of 70?
True
Let i(c) = c**2 + c + 5. Let k be i(0). Suppose -3*v + v = -4*r + 8, k*r = 20. Does 4 divide -1 + v - (-2 + -8)?
False
Let f(i) = -2*i**3 - i**2 - i. Let p be f(-1). Does 55 divide p + 2 - 2 - (-303 - 7)?
False
Suppose 0 = 3*x - 4*h + 10, 3*x + 3*h - 25 = -7. Suppose x*v = 4*q - 182, 0 = -2*q + 2*v + 23 + 69. Does 9 divide q?
True
Is 7 a factor of ((-14820)/(-351))/((-2)/(-9))?
False
Let u(m) be the first derivative of -m**4/4 - 14*m**3/3 + 2*m + 11. Does 2 divide u(-14)?
True
Suppose 5*t + 10 = -5*r, r + 2*t + 16 = 5*r. Let o(x) = -x**2 + 3*x. Let c be o(r). Suppose 0 = -4*u + 3*w + 120, u = -0*u - c*w + 41. Is u a multiple of 11?
True
Let t(c) = 16*c**3 - 3*c**2 - 5. Let h(w) = -w**3 + w**2 + 1. Let p(g) = 4*h(g) + t(g). Let o(z) be the first derivative of p(z). Is 19 a factor of o(1)?
True
Let g(a) = a**3 + 12*a**2 + 16*a - 18. Is 8 a factor of g(-6)?
False
Let u(s) = 5*s**2 + 2*s + 239. Is 57 a factor of u(-15)?
False
Let r be (4 + -1 - 6) + 389. Suppose 309 = -5*s - r. Let x = -73 - s. Is x a multiple of 22?
True
Suppose 21 = 3*d - 3*o, -4*d + 4*o + 28 = 2*o. Is 7 a factor of d?
True
Let t(a) = -2*a**3 + 15*a**2 + 15*a + 4. Let j(c) = c**3 - 13*c**2 - 12*c - 20. Let o be j(14). Is t(o) a multiple of 12?
True
Suppose 30*t - 26*t - 720 = 0. Is t a multiple of 15?
True
Does 7 divide 402 + (0/2)/1?
False
Let t(d) = -d**2 + d + 10. Let k be t(0). Let x be (-14)/4*(-6 - k). Let a = x - 37. Is a a multiple of 3?
False
Is 1 + 17/(119/1400) a multiple of 3?
True
Suppose 685 = 2*k + 3*v - 2511, -4*k = -4*v - 6372. Is k a multiple of 34?
False
Let c = 419 + -89. Is c a multiple of 11?
True
Let y(u) = u**3 - 2*u - 1. Let z be y(-1). Let b(p) = -p - 1. Let t be b(-3). Suppose z = 5*w + t*x - 298, 3*x + x = -5*w + 306. Does 29 divide w?
True
Suppose -513 = g - 10*g. Is 55 a factor of g?
False
Suppose -11 = -3*l + 10. Let o(x) = 3*x**2 - 4*x - 21. Is 7 a factor of o(l)?
True
Suppose -5*o + 7*i - 30 = 2*i, -2*o = 2*i - 4. Is 56 - (0/(-3))/(5 + o) a multiple of 14?
True
Suppose 608 = 29*y - 12964. Is 36 a factor of y?
True
Is 69 a factor of (24/40)/((-4143)/(-2070) + -2)?
True
Suppose 0 = -d + 5*k + 7, 3*k = -2*d + 7*d - 57. Suppose -d = -2*s - s. Suppose -s*t + 0*t = -80. Is t a multiple of 20?
True
Suppose -o + 45 = 5*d - 245, -4*d - 870 = -3*o. Is o a multiple of 10?
True
Suppose 2*i = -3*u - 2, 4 = -u - u - 4*i. Suppose -d + 60 = -u. Is 15 a factor of d?
True
Suppose -9 = -4*n - 1, -3*l = -5*n - 209. Let a = l - 3. Is a a multiple of 12?
False
Let s(l) = -4*l - 1. Let z be s(-2). Let t(o) = 6*o - 3. Let k be t(z). Suppose -4*m + m = -k. Is m a multiple of 13?
True
Suppose -4*w = -3*y - 61, -5*y - 2*w + 1 - 120 = 0. Let n be (y - 1)*6/(-12). Let q = n - -2. Is 12 a factor of q?
False
Let b(m) = m**3 + m**2 - m - 3. Let d(x) = 4*x**3 - 7*x**2 - 15*x - 11. Let r(y) = 5*b(y) - d(y). Let k = -5 + -6. Is r(k) a multiple of 3?
False
Is 26 a factor of (-128)/20*(-3640)/16?
True
Suppose -283*d = -268*d - 12075. Is 21 a factor of d?
False
Suppose -2*m - 4 = 0, -4*m + 0*m + 277 = 5*l. Let q = -21 + l. Does 17 divide q?
False
Let h = -6 + 4. Let z(s) = s**2 + s + 1. Let c be z(h). Suppose c*o - 4*p - 129 = p, 5*o + 3*p = 215. Is 13 a factor of o?
False
Let d(g) = -7*g**2 + 1. Let w be 